{"id":1227,"date":"2016-05-18T19:10:58","date_gmt":"2016-05-18T17:10:58","guid":{"rendered":"http:\/\/www.dpl-lescebled.si\/?page_id=1227"},"modified":"2024-03-22T08:40:04","modified_gmt":"2024-03-22T08:40:04","slug":"kranjska-gora-open","status":"publish","type":"page","link":"https:\/\/www.dpl-lescebled.si\/index.php\/kranjska-gora-open\/","title":{"rendered":"Kranjska Gora Open"},"content":{"rendered":"<p><span style=\"color: #ff0000;\">Zaradi slabe vremenske napovedi je tekmovanje ODPOVEDANO.<\/span><\/p>\n<p>DPL Lesce-Bled prireja 2 dnevno FAI tekmovanje v piki, ki bo potekalo 11. in\u00a0 12. junija 2016.<\/p>\n<h2>Program<\/h2>\n<ul>\n<li>petek, 10.6. &#8211; prijava, registracija (od 16:00 do 21:00)<\/li>\n<li>sobota, 11.6. &#8211; prijava, registracija (od 6:00 do 7:20), tekmovalni dan<\/li>\n<li>nedelja, 12.6. &#8211; tekmovalni dan, razglasitev rezultatov.<br \/>\nPredvidenih je 5 tekmovalnih serij.<\/li>\n<\/ul>\n<p>Vzletno mesto je predvideno na Grpi\u0161ci (Kranjska Gora-Jug), uradni pristanek je pri hotelu Kompas.<\/p>\n<h2>Prijavnina<\/h2>\n<p>Startnina zna\u0161a 30 \u20ac in vklju\u010duje transport pilotov in padal do vzleti\u0161\u010da, vre\u010dko dobrodo\u0161lice, izra\u010dun rezultatov, bon za hrano in pija\u010do, ve\u010derno zabavo, mo\u017enost brezpla\u010dnega kampiranja.<\/p>\n<p>Prijavnino je mo\u017eno poravnati tudi z nakazilom na TRR:<\/p>\n<p>[su_row][su_column]<\/p>\n<p>Naslov banke:<br \/>\nAbanka d.d.<br \/>\nSlovenska cesta 58<br \/>\nSI-1000 Ljubljana<br \/>\nSlovenija<\/p>\n<p>BIC:\u00a0ABANSI2X<br \/>\nIBAN:\u00a0SI56 0510 0801 2301 338[\/su_column] [su_column]<\/p>\n<p>Naslov dru\u0161tva:<br \/>\nDru\u0161tvo prostih letalcev Lesce-Bled<br \/>\nAlpska cesta 56<br \/>\nSI-4248 Lesce<br \/>\nSlovenija[\/su_column][\/su_row]<\/p>\n<p>Za namen nakazila navedite &#8220;pla\u010dilo startnine&#8221;, za sklic navedite \u0161tevilko dovoljenja. Pla\u010dilo startnine bo mo\u017eno tudi pri sami registraciji na tekmovanju.<\/p>\n<h2>Vra\u010dilo startnine<\/h2>\n<p>10\u00a0dni ali ve\u010d pred tekmovanjem povrnemo celotno startnino<\/p>\n<ul>\n<li>\u00a0\u010ce pilot odpove udele\u017ebo manj kot 10\u00a0dni pred tekmovanjem startnine ne povrnemo.<\/li>\n<li>V primeru odpovedi tekmovanja s strani organizatorja zaradi slabega vremena, organizator zadr\u017ei 10 \u20ac na pilota za kritje organizacijskih stro\u0161kov. Preostali del je povrnjen tekmovalcem.<\/li>\n<li>Piloti, ki se tekmovanja ne morejo udele\u017eiti zaradi bolezni ali po\u0161kodbe dobijo povrnjenih 80% startnine. Pogoj je odpoved pred za\u010detkom tekmovanja in zdravni\u0161ko potrdilo.<\/li>\n<li>V primeru odpovedi tekmovanja in izvedbo na rezervni termin, bomo prijavnino vrnili v skladu s pogoji v kolikor odpade tudi rezervni termin.<\/li>\n<\/ul>\n<p>Obvezna je uporaba standardizirane \u010delade (EN 966), re\u0161evalnega padala in VHF postaje, obvezna uporaba standardiziranega sede\u017ea (EN 1651) in uporaba jadralnega padala testiranega po EN 926\/2.<\/p>\n<p>Po prijavi ste vneseni na \u010dakalno listo, po pla\u010dani startnini pa med potrjene tekmovalce. <strong>Zadnji rok za prijavo je 11.6.2016<\/strong>. Omejitev je 50\u00a0pilotov.<\/p>\n<p>Nagrade bodo z prve tri v kategorijah Open, mo\u0161ki in \u017eenske. Prav tako bomo med vsemi udele\u017eenci iz\u017erebali prav posebno nagrado.<\/p>\n<p>Dogodek bo spremljal bogat spremljevalni program v sklopu jadralno padalske zabave. \ud83d\ude42<\/p>\n<h2>Dodatne informacije<\/h2>\n<p>Mo\u017enost preno\u010ditve tudi v: <a href=\"http:\/\/www.julijana.info\/gostilna-pri-martinu-sobe\" target=\"_blank\" rel=\"noopener noreferrer\">Gostilna pri Martinu &#8211; sobe<\/a>,\u00a0<a href=\"http:\/\/www.julijana.info\/agencija-julijana-sobe\" target=\"_blank\" rel=\"noopener noreferrer\">Agencija Julijana &#8211; sobe<\/a><\/p>\n<p>Kontakt:\u00a0<a href=\"mailto:info@dpl-lescebled.si\" rel=\"nofollow\">email<\/a>\u00a0ali na tel.: +386 41 864 223\u00a0&#8211; An\u017ee Pristov<\/p>\n","protected":false},"excerpt":{"rendered":"<p>Zaradi slabe vremenske napovedi je tekmovanje ODPOVEDANO. DPL Lesce-Bled prireja 2 dnevno FAI tekmovanje v piki, ki bo potekalo 11. in\u00a0 12. junija 2016. Program petek, 10.6. &#8211; prijava, registracija (od 16:00 do 21:00) sobota, 11.6. &#8211; prijava, registracija (od 6:00 do 7:20), tekmovalni dan nedelja, 12.6. &#8211; tekmovalni dan, razglasitev rezultatov. Predvidenih je 5 [&hellip;]<\/p>\n","protected":false},"author":3,"featured_media":0,"parent":0,"menu_order":0,"comment_status":"closed","ping_status":"closed","template":"","meta":{"footnotes":""},"class_list":["post-1227","page","type-page","status-publish","hentry"],"_links":{"self":[{"href":"https:\/\/www.dpl-lescebled.si\/index.php\/wp-json\/wp\/v2\/pages\/1227","targetHints":{"allow":["GET"]}}],"collection":[{"href":"https:\/\/www.dpl-lescebled.si\/index.php\/wp-json\/wp\/v2\/pages"}],"about":[{"href":"https:\/\/www.dpl-lescebled.si\/index.php\/wp-json\/wp\/v2\/types\/page"}],"author":[{"embeddable":true,"href":"https:\/\/www.dpl-lescebled.si\/index.php\/wp-json\/wp\/v2\/users\/3"}],"replies":[{"embeddable":true,"href":"https:\/\/www.dpl-lescebled.si\/index.php\/wp-json\/wp\/v2\/comments?post=1227"}],"version-history":[{"count":2,"href":"https:\/\/www.dpl-lescebled.si\/index.php\/wp-json\/wp\/v2\/pages\/1227\/revisions"}],"predecessor-version":[{"id":2539,"href":"https:\/\/www.dpl-lescebled.si\/index.php\/wp-json\/wp\/v2\/pages\/1227\/revisions\/2539"}],"wp:attachment":[{"href":"https:\/\/www.dpl-lescebled.si\/index.php\/wp-json\/wp\/v2\/media?parent=1227"}],"curies":[{"name":"wp","href":"https:\/\/api.w.org\/{rel}","templated":true}]}}